{"id":392,"date":"2021-01-04T19:47:28","date_gmt":"2021-01-04T22:47:28","guid":{"rendered":"https:\/\/casa80trancoso.com.br\/?page_id=392"},"modified":"2026-01-19T12:24:44","modified_gmt":"2026-01-19T15:24:44","slug":"a-casa","status":"publish","type":"page","link":"https:\/\/casa80trancoso.com.br\/?page_id=392","title":{"rendered":"Sobre a Casa"},"content":{"rendered":"\n<p>A Casa 80 Trancoso fica no exclusivo condom\u00ednio Villavista Golf, a 10 minutos do Quadrado. Constru\u00edda num terreno de 1.792 m2 e cercada por um amplo jardim, a Casa, 681 m2, tem uma decora\u00e7\u00e3o casual e praiana, renovada em 2022 pela Biasi Design. Possui elementos da cultura brasileira, como pe\u00e7as em madeira de demoli\u00e7\u00e3o, cestarias e peneiras artesanais, vasos de barro e objetos em coco que traduzem o clima tranquilo e charmoso de Trancoso. Plantas naturais completam o visual aconchegante.<\/p>\n\n\n\n<figure class=\"wp-block-image size-large\"><img loading=\"lazy\" decoding=\"async\" width=\"1024\" height=\"682\" src=\"https:\/\/casa80trancoso.com.br\/wp-content\/uploads\/2022\/08\/27_IMG_2879-1024x682.jpg\" alt=\"\" class=\"wp-image-862\" srcset=\"https:\/\/casa80trancoso.com.br\/wp-content\/uploads\/2022\/08\/27_IMG_2879-1024x682.jpg 1024w, https:\/\/casa80trancoso.com.br\/wp-content\/uploads\/2022\/08\/27_IMG_2879-300x200.jpg 300w, https:\/\/casa80trancoso.com.br\/wp-content\/uploads\/2022\/08\/27_IMG_2879-768x511.jpg 768w, https:\/\/casa80trancoso.com.br\/wp-content\/uploads\/2022\/08\/27_IMG_2879-1536x1023.jpg 1536w, https:\/\/casa80trancoso.com.br\/wp-content\/uploads\/2022\/08\/27_IMG_2879.jpg 1622w\" sizes=\"auto, (max-width: 1024px) 100vw, 1024px\" \/><figcaption class=\"wp-element-caption\">Confort\u00e1veis salas de estar e jantar, integradas \u00e0 varanda superior.<\/figcaption><\/figure>\n\n\n\n<p>As 6 su\u00edtes acomodam confortavelmente 12 h\u00f3spedes. S\u00e3o 2 su\u00edtes masters com varanda e outras 4 su\u00edtes espa\u00e7osas. Todos os banheiros t\u00eam ilumina\u00e7\u00e3o natural. Os quartos t\u00eam mosquiteiro, ar condicionado, e cama box com enxoval premium.<\/p>\n\n\n\n<figure class=\"wp-block-image size-full\"><img loading=\"lazy\" decoding=\"async\" width=\"768\" height=\"511\" src=\"https:\/\/casa80trancoso.com.br\/wp-content\/uploads\/2021\/04\/Suite_Post.jpg\" alt=\"\" class=\"wp-image-755\" srcset=\"https:\/\/casa80trancoso.com.br\/wp-content\/uploads\/2021\/04\/Suite_Post.jpg 768w, https:\/\/casa80trancoso.com.br\/wp-content\/uploads\/2021\/04\/Suite_Post-300x200.jpg 300w\" sizes=\"auto, (max-width: 768px) 100vw, 768px\" \/><figcaption class=\"wp-element-caption\">Su\u00edtes iluminadas e com ar condicionado<\/figcaption><\/figure>\n\n\n\n<p>A casa tem duas salas: a de estar fica no piso t\u00e9rreo integrada \u00e0 sala de jantar e \u00e0 varanda com vista para a piscina. No piso inferior, fica a sala de TV equipada com Sky TV e um pequeno escrit\u00f3rio para home office. Todos os c\u00f4modos t\u00eam acesso \u00e0 internet fibra \u00f3tica via rede wifi.<\/p>\n\n\n\n<figure class=\"wp-block-image size-full is-resized\"><img loading=\"lazy\" decoding=\"async\" width=\"768\" height=\"511\" src=\"https:\/\/casa80trancoso.com.br\/wp-content\/uploads\/2021\/04\/Estar-Externo_Post.jpg\" alt=\"\" class=\"wp-image-756\" style=\"width:768px;height:511px\" srcset=\"https:\/\/casa80trancoso.com.br\/wp-content\/uploads\/2021\/04\/Estar-Externo_Post.jpg 768w, https:\/\/casa80trancoso.com.br\/wp-content\/uploads\/2021\/04\/Estar-Externo_Post-300x200.jpg 300w\" sizes=\"auto, (max-width: 768px) 100vw, 768px\" \/><figcaption class=\"wp-element-caption\">Salas de TV e estar externa: integra\u00e7\u00e3o social<\/figcaption><\/figure>\n\n\n\n<p>O entretenimento fica por conta da piscina com uma parte rasa (prainha), excelente tanto para as crian\u00e7as brincarem quanto para os adultos que preferem apenas relaxar e se refrescar. Ao lado da piscina, fica o pergolado com a \u00e1rea gourmet equipada com churrasqueira, forno, fog\u00e3o, m\u00e1quina de gelo e geladeira. Para completar o entretenimento, h\u00e1 uma charmosa mesa de sinuca em madeira de demoli\u00e7\u00e3o que tamb\u00e9m pode ser usada como uma mesa de refei\u00e7\u00f5es gra\u00e7as ao seu tampo remov\u00edvel.<\/p>\n\n\n\n<figure class=\"wp-block-image size-large\"><img loading=\"lazy\" decoding=\"async\" width=\"768\" height=\"511\" src=\"https:\/\/casa80trancoso.com.br\/wp-content\/uploads\/2021\/04\/Pergolado_Post.jpg\" alt=\"\" class=\"wp-image-757\" srcset=\"https:\/\/casa80trancoso.com.br\/wp-content\/uploads\/2021\/04\/Pergolado_Post.jpg 768w, https:\/\/casa80trancoso.com.br\/wp-content\/uploads\/2021\/04\/Pergolado_Post-300x200.jpg 300w\" sizes=\"auto, (max-width: 768px) 100vw, 768px\" \/><figcaption class=\"wp-element-caption\">Lazer externo: mesa de sinuca no pergolado ao lado da piscina<\/figcaption><\/figure>\n\n\n\n<p>N\u00e3o faltam lugares para relaxar ou tirar um cochilo pela casa. H\u00e1 confort\u00e1veis espregui\u00e7adeiras ao lado da piscina, red\u00e1rio no jardim e uma sala de estar externa.<\/p>\n\n\n\n<figure class=\"wp-block-image size-large\"><img loading=\"lazy\" decoding=\"async\" width=\"1024\" height=\"683\" src=\"https:\/\/casa80trancoso.com.br\/wp-content\/uploads\/2022\/08\/01_IMG_3482-1024x683.jpg\" alt=\"\" class=\"wp-image-863\" srcset=\"https:\/\/casa80trancoso.com.br\/wp-content\/uploads\/2022\/08\/01_IMG_3482-1024x683.jpg 1024w, https:\/\/casa80trancoso.com.br\/wp-content\/uploads\/2022\/08\/01_IMG_3482-300x200.jpg 300w, https:\/\/casa80trancoso.com.br\/wp-content\/uploads\/2022\/08\/01_IMG_3482-768x512.jpg 768w, https:\/\/casa80trancoso.com.br\/wp-content\/uploads\/2022\/08\/01_IMG_3482-1536x1025.jpg 1536w, https:\/\/casa80trancoso.com.br\/wp-content\/uploads\/2022\/08\/01_IMG_3482.jpg 1619w\" sizes=\"auto, (max-width: 1024px) 100vw, 1024px\" \/><figcaption class=\"wp-element-caption\">Piscina integrada \u00e0 \u00e1rea gourmet<\/figcaption><\/figure>\n\n\n\n<figure class=\"wp-block-image size-large\"><img loading=\"lazy\" decoding=\"async\" width=\"1024\" height=\"683\" src=\"https:\/\/casa80trancoso.com.br\/wp-content\/uploads\/2022\/08\/02_IMG_3441ret1-1024x683.jpg\" alt=\"\" class=\"wp-image-864\" srcset=\"https:\/\/casa80trancoso.com.br\/wp-content\/uploads\/2022\/08\/02_IMG_3441ret1-1024x683.jpg 1024w, https:\/\/casa80trancoso.com.br\/wp-content\/uploads\/2022\/08\/02_IMG_3441ret1-300x200.jpg 300w, https:\/\/casa80trancoso.com.br\/wp-content\/uploads\/2022\/08\/02_IMG_3441ret1-768x512.jpg 768w, https:\/\/casa80trancoso.com.br\/wp-content\/uploads\/2022\/08\/02_IMG_3441ret1-1536x1024.jpg 1536w, https:\/\/casa80trancoso.com.br\/wp-content\/uploads\/2022\/08\/02_IMG_3441ret1.jpg 1620w\" sizes=\"auto, (max-width: 1024px) 100vw, 1024px\" \/><\/figure>\n\n\n\n<p>Oferecemos servi\u00e7o de cozinheira e arrumadeira. O card\u00e1pio do caf\u00e9 da manh\u00e3 e almo\u00e7o s\u00e3o customizados para o cliente (os ingredientes podem ser providenciados pelo seu concierge); a arruma\u00e7\u00e3o e limpeza dos quartos e \u00e1reas comuns s\u00e3o feitas diariamente. Tudo para que a casa fique impec\u00e1vel e voc\u00ea tenha uma experi\u00eancia relaxante e divertida durante sua estadia.<\/p>\n\n\n\n<figure class=\"wp-block-image size-large\"><img loading=\"lazy\" decoding=\"async\" width=\"768\" height=\"512\" src=\"https:\/\/casa80trancoso.com.br\/wp-content\/uploads\/2021\/04\/Mesa-Cafe_Post.jpg\" alt=\"\" class=\"wp-image-759\" srcset=\"https:\/\/casa80trancoso.com.br\/wp-content\/uploads\/2021\/04\/Mesa-Cafe_Post.jpg 768w, https:\/\/casa80trancoso.com.br\/wp-content\/uploads\/2021\/04\/Mesa-Cafe_Post-300x200.jpg 300w\" sizes=\"auto, (max-width: 768px) 100vw, 768px\" \/><figcaption class=\"wp-element-caption\">Delicioso caf\u00e9 da manh\u00e3 tropical<\/figcaption><\/figure>\n\n\n\n<p><\/p>\n","protected":false},"excerpt":{"rendered":"<p>A Casa 80 Trancoso fica no exclusivo condom\u00ednio Villavista Golf, a 10 minutos do Quadrado. Constru\u00edda num terreno de 1.792 m2 e cercada por um amplo jardim, a Casa, 681 m2, tem uma decora\u00e7\u00e3o casual e praiana, renovada em 2022 pela Biasi Design. Possui elementos da cultura brasileira, como pe\u00e7as em madeira de demoli\u00e7\u00e3o, cestarias &hellip; <\/p>\n<p class=\"link-more\"><a href=\"https:\/\/casa80trancoso.com.br\/?page_id=392\" class=\"more-link\">Continue reading<span class=\"screen-reader-text\"> &#8220;Sobre a Casa&#8221;<\/span><\/a><\/p>\n","protected":false},"author":1,"featured_media":0,"parent":0,"menu_order":0,"comment_status":"closed","ping_status":"closed","template":"page-template\/page-with-right-sidebar.php","meta":{"footnotes":""},"class_list":["post-392","page","type-page","status-publish","hentry"],"yoast_head":"<!-- This site is optimized with the Yoast SEO plugin v15.4 - https:\/\/yoast.com\/wordpress\/plugins\/seo\/ -->\n<title>Sobre a Casa - Casa 80 Trancoso<\/title>\n<meta name=\"robots\" content=\"index, follow, max-snippet:-1, max-image-preview:large, max-video-preview:-1\" \/>\n<link rel=\"canonical\" href=\"https:\/\/casa80trancoso.com.br\/?page_id=392\" \/>\n<meta property=\"og:locale\" content=\"en_US\" \/>\n<meta property=\"og:type\" content=\"article\" \/>\n<meta property=\"og:title\" content=\"Sobre a Casa - Casa 80 Trancoso\" \/>\n<meta property=\"og:description\" content=\"A Casa 80 Trancoso fica no exclusivo condom\u00ednio Villavista Golf, a 10 minutos do Quadrado. Constru\u00edda num terreno de 1.792 m2 e cercada por um amplo jardim, a Casa, 681 m2, tem uma decora\u00e7\u00e3o casual e praiana, renovada em 2022 pela Biasi Design. Possui elementos da cultura brasileira, como pe\u00e7as em madeira de demoli\u00e7\u00e3o, cestarias &hellip; Continue reading &quot;Sobre a Casa&quot;\" \/>\n<meta property=\"og:url\" content=\"https:\/\/casa80trancoso.com.br\/?page_id=392\" \/>\n<meta property=\"og:site_name\" content=\"Casa 80 Trancoso\" \/>\n<meta property=\"article:modified_time\" content=\"2026-01-19T15:24:44+00:00\" \/>\n<meta property=\"og:image\" content=\"https:\/\/casa80trancoso.com.br\/wp-content\/uploads\/2022\/08\/27_IMG_2879-1024x682.jpg\" \/>\n<meta name=\"twitter:card\" content=\"summary_large_image\" \/>\n<meta name=\"twitter:label1\" content=\"Written by\">\n\t<meta name=\"twitter:data1\" content=\"admin\">\n\t<meta name=\"twitter:label2\" content=\"Est. reading time\">\n\t<meta name=\"twitter:data2\" content=\"2 minutes\">\n<script type=\"application\/ld+json\" class=\"yoast-schema-graph\">{\"@context\":\"https:\/\/schema.org\",\"@graph\":[{\"@type\":\"WebSite\",\"@id\":\"https:\/\/casa80trancoso.com.br\/#website\",\"url\":\"https:\/\/casa80trancoso.com.br\/\",\"name\":\"Casa 80 Trancoso\",\"description\":\"\",\"potentialAction\":[{\"@type\":\"SearchAction\",\"target\":\"https:\/\/casa80trancoso.com.br\/?s={search_term_string}\",\"query-input\":\"required name=search_term_string\"}],\"inLanguage\":\"en-US\"},{\"@type\":\"ImageObject\",\"@id\":\"https:\/\/casa80trancoso.com.br\/?page_id=392#primaryimage\",\"inLanguage\":\"en-US\",\"url\":\"https:\/\/casa80trancoso.com.br\/wp-content\/uploads\/2022\/08\/27_IMG_2879.jpg\",\"width\":1622,\"height\":1080},{\"@type\":\"WebPage\",\"@id\":\"https:\/\/casa80trancoso.com.br\/?page_id=392#webpage\",\"url\":\"https:\/\/casa80trancoso.com.br\/?page_id=392\",\"name\":\"Sobre a Casa - Casa 80 Trancoso\",\"isPartOf\":{\"@id\":\"https:\/\/casa80trancoso.com.br\/#website\"},\"primaryImageOfPage\":{\"@id\":\"https:\/\/casa80trancoso.com.br\/?page_id=392#primaryimage\"},\"datePublished\":\"2021-01-04T22:47:28+00:00\",\"dateModified\":\"2026-01-19T15:24:44+00:00\",\"inLanguage\":\"en-US\",\"potentialAction\":[{\"@type\":\"ReadAction\",\"target\":[\"https:\/\/casa80trancoso.com.br\/?page_id=392\"]}]}]}<\/script>\n<!-- \/ Yoast SEO plugin. -->","_links":{"self":[{"href":"https:\/\/casa80trancoso.com.br\/index.php?rest_route=\/wp\/v2\/pages\/392","targetHints":{"allow":["GET"]}}],"collection":[{"href":"https:\/\/casa80trancoso.com.br\/index.php?rest_route=\/wp\/v2\/pages"}],"about":[{"href":"https:\/\/casa80trancoso.com.br\/index.php?rest_route=\/wp\/v2\/types\/page"}],"author":[{"embeddable":true,"href":"https:\/\/casa80trancoso.com.br\/index.php?rest_route=\/wp\/v2\/users\/1"}],"replies":[{"embeddable":true,"href":"https:\/\/casa80trancoso.com.br\/index.php?rest_route=%2Fwp%2Fv2%2Fcomments&post=392"}],"version-history":[{"count":15,"href":"https:\/\/casa80trancoso.com.br\/index.php?rest_route=\/wp\/v2\/pages\/392\/revisions"}],"predecessor-version":[{"id":899,"href":"https:\/\/casa80trancoso.com.br\/index.php?rest_route=\/wp\/v2\/pages\/392\/revisions\/899"}],"wp:attachment":[{"href":"https:\/\/casa80trancoso.com.br\/index.php?rest_route=%2Fwp%2Fv2%2Fmedia&parent=392"}],"curies":[{"name":"wp","href":"https:\/\/api.w.org\/{rel}","templated":true}]}}