{"id":404,"date":"2021-01-04T20:25:47","date_gmt":"2021-01-04T23:25:47","guid":{"rendered":"https:\/\/casa80trancoso.com.br\/?page_id=404"},"modified":"2022-08-16T20:04:52","modified_gmt":"2022-08-16T23:04:52","slug":"o-paraiso","status":"publish","type":"page","link":"https:\/\/casa80trancoso.com.br\/?page_id=404","title":{"rendered":"Trancoso e o Terravista Golf Course"},"content":{"rendered":"\n<p>Localizado ao sul do litoral baiano, Trancoso \u00e9 um dos destinos tur\u00edsticos mais lindos do Brasil. Al\u00e9m da simpatia do povo baiano, esse charmoso vilarejo tem praias paradis\u00edacas, emolduradas por fal\u00e9sias, coqueiros ou piscinas naturais. O clima \u00e9 quente ao longo do ano, mas sem temperaturas extremas: nos meses mais quentes, de novembro a abril, a m\u00e1xima fica em torno de 29\u00b0C e a m\u00ednima entre 22\u00b0; j\u00e1 no inverno em junho, julho e agosto, tem m\u00e1xima de 26\u00b0C e m\u00ednima de 19\u00b0C. As chuvas s\u00e3o pontuais e dificilmente o sol deixa de aparecer.<\/p>\n\n\n\n<figure class=\"wp-block-image size-medium is-resized\"><img loading=\"lazy\" decoding=\"async\" src=\"https:\/\/casa80trancoso.com.br\/wp-content\/uploads\/2021\/01\/Igreja-Quadrado_widescreen-300x169.jpg\" alt=\"\" class=\"wp-image-406\" width=\"433\" height=\"245\" srcset=\"https:\/\/casa80trancoso.com.br\/wp-content\/uploads\/2021\/01\/Igreja-Quadrado_widescreen-300x169.jpg 300w, https:\/\/casa80trancoso.com.br\/wp-content\/uploads\/2021\/01\/Igreja-Quadrado_widescreen-1024x576.jpg 1024w, https:\/\/casa80trancoso.com.br\/wp-content\/uploads\/2021\/01\/Igreja-Quadrado_widescreen-768x432.jpg 768w, https:\/\/casa80trancoso.com.br\/wp-content\/uploads\/2021\/01\/Igreja-Quadrado_widescreen-1536x864.jpg 1536w, https:\/\/casa80trancoso.com.br\/wp-content\/uploads\/2021\/01\/Igreja-Quadrado_widescreen-2048x1153.jpg 2048w\" sizes=\"auto, (max-width: 433px) 100vw, 433px\" \/><figcaption>Igrejinha de Trancoso, localizada no Quadrado (vila de Trancoso)<\/figcaption><\/figure>\n\n\n\n<p><strong>Terravista Golf Course<\/strong><\/p>\n\n\n\n<p>O Terravista Golf Course \u00e9 considerado um dos campos de golfe mais bonitos do mundo(*). Situado no topo das fal\u00e9sias, jogar aqui ou passear pelo local \u00e9 desfrutar de vistas maravilhosas do mar e da natureza preservada.<\/p>\n\n\n\n<p>A casa 80 est\u00e1 localizada na sa\u00edda (<em>tee<\/em>) do buraco 18.  <\/p>\n\n\n\n<figure class=\"wp-block-embed is-type-video is-provider-youtube wp-block-embed-youtube wp-embed-aspect-16-9 wp-has-aspect-ratio\"><div class=\"wp-block-embed__wrapper\">\n<iframe loading=\"lazy\" title=\"Terravista Golf Course - Brazil\" width=\"640\" height=\"360\" src=\"https:\/\/www.youtube.com\/embed\/UloUUNdgl0Y?feature=oembed\" frameborder=\"0\" allow=\"accelerometer; autoplay; clipboard-write; encrypted-media; gyroscope; picture-in-picture; web-share\" referrerpolicy=\"strict-origin-when-cross-origin\" allowfullscreen><\/iframe>\n<\/div><\/figure>\n\n\n\n<p>Conhe\u00e7a o <a href=\"https:\/\/terravistagolf.com.br\/\">Terravista Golf Course<\/a><\/p>\n\n\n\n<p><em>(*) 150 Golf Courses You Need to Visit Before You Die: A selection of the 150 most marvelous golf courses in the world (150 Series) &#8211; <a href=\"https:\/\/www.dailymail.co.uk\/travel\/travel_news\/article-11013315\/Putt-erly-incredible-worlds-jaw-dropping-golf-courses-revealed-new-coffee-table-book.html?ito=whatsapp_share_article-top\">Putt-erly incredible! The world&#8217;s most jaw-dropping golf courses revealed in new coffee-table book | Daily Mail Online<\/a><\/em><\/p>\n","protected":false},"excerpt":{"rendered":"<p>Localizado ao sul do litoral baiano, Trancoso \u00e9 um dos destinos tur\u00edsticos mais lindos do Brasil. Al\u00e9m da simpatia do povo baiano, esse charmoso vilarejo tem praias paradis\u00edacas, emolduradas por fal\u00e9sias, coqueiros ou piscinas naturais. O clima \u00e9 quente ao longo do ano, mas sem temperaturas extremas: nos meses mais quentes, de novembro a abril, &hellip; <\/p>\n<p class=\"link-more\"><a href=\"https:\/\/casa80trancoso.com.br\/?page_id=404\" class=\"more-link\">Continue reading<span class=\"screen-reader-text\"> &#8220;Trancoso e o Terravista Golf Course&#8221;<\/span><\/a><\/p>\n","protected":false},"author":1,"featured_media":406,"parent":0,"menu_order":0,"comment_status":"closed","ping_status":"closed","template":"page-template\/page-with-right-sidebar.php","meta":{"footnotes":""},"class_list":["post-404","page","type-page","status-publish","has-post-thumbnail","hentry"],"yoast_head":"<!-- This site is optimized with the Yoast SEO plugin v15.4 - https:\/\/yoast.com\/wordpress\/plugins\/seo\/ -->\n<title>Trancoso e o Terravista Golf Course - Casa 80 Trancoso<\/title>\n<meta name=\"robots\" content=\"index, follow, max-snippet:-1, max-image-preview:large, max-video-preview:-1\" \/>\n<link rel=\"canonical\" href=\"https:\/\/casa80trancoso.com.br\/?page_id=404\" \/>\n<meta property=\"og:locale\" content=\"en_US\" \/>\n<meta property=\"og:type\" content=\"article\" \/>\n<meta property=\"og:title\" content=\"Trancoso e o Terravista Golf Course - Casa 80 Trancoso\" \/>\n<meta property=\"og:description\" content=\"Localizado ao sul do litoral baiano, Trancoso \u00e9 um dos destinos tur\u00edsticos mais lindos do Brasil. Al\u00e9m da simpatia do povo baiano, esse charmoso vilarejo tem praias paradis\u00edacas, emolduradas por fal\u00e9sias, coqueiros ou piscinas naturais. O clima \u00e9 quente ao longo do ano, mas sem temperaturas extremas: nos meses mais quentes, de novembro a abril, &hellip; Continue reading &quot;Trancoso e o Terravista Golf Course&quot;\" \/>\n<meta property=\"og:url\" content=\"https:\/\/casa80trancoso.com.br\/?page_id=404\" \/>\n<meta property=\"og:site_name\" content=\"Casa 80 Trancoso\" \/>\n<meta property=\"article:modified_time\" content=\"2022-08-16T23:04:52+00:00\" \/>\n<meta property=\"og:image\" content=\"https:\/\/casa80trancoso.com.br\/wp-content\/uploads\/2021\/01\/Igreja-Quadrado_widescreen-scaled.jpg\" \/>\n\t<meta property=\"og:image:width\" content=\"2560\" \/>\n\t<meta property=\"og:image:height\" content=\"1441\" \/>\n<meta name=\"twitter:card\" content=\"summary_large_image\" \/>\n<meta name=\"twitter:label1\" content=\"Written by\">\n\t<meta name=\"twitter:data1\" content=\"admin\">\n\t<meta name=\"twitter:label2\" content=\"Est. reading time\">\n\t<meta name=\"twitter:data2\" content=\"1 minute\">\n<script type=\"application\/ld+json\" class=\"yoast-schema-graph\">{\"@context\":\"https:\/\/schema.org\",\"@graph\":[{\"@type\":\"WebSite\",\"@id\":\"https:\/\/casa80trancoso.com.br\/#website\",\"url\":\"https:\/\/casa80trancoso.com.br\/\",\"name\":\"Casa 80 Trancoso\",\"description\":\"\",\"potentialAction\":[{\"@type\":\"SearchAction\",\"target\":\"https:\/\/casa80trancoso.com.br\/?s={search_term_string}\",\"query-input\":\"required name=search_term_string\"}],\"inLanguage\":\"en-US\"},{\"@type\":\"ImageObject\",\"@id\":\"https:\/\/casa80trancoso.com.br\/?page_id=404#primaryimage\",\"inLanguage\":\"en-US\",\"url\":\"https:\/\/casa80trancoso.com.br\/wp-content\/uploads\/2021\/01\/Igreja-Quadrado_widescreen-scaled.jpg\",\"width\":2560,\"height\":1441},{\"@type\":\"WebPage\",\"@id\":\"https:\/\/casa80trancoso.com.br\/?page_id=404#webpage\",\"url\":\"https:\/\/casa80trancoso.com.br\/?page_id=404\",\"name\":\"Trancoso e o Terravista Golf Course - Casa 80 Trancoso\",\"isPartOf\":{\"@id\":\"https:\/\/casa80trancoso.com.br\/#website\"},\"primaryImageOfPage\":{\"@id\":\"https:\/\/casa80trancoso.com.br\/?page_id=404#primaryimage\"},\"datePublished\":\"2021-01-04T23:25:47+00:00\",\"dateModified\":\"2022-08-16T23:04:52+00:00\",\"inLanguage\":\"en-US\",\"potentialAction\":[{\"@type\":\"ReadAction\",\"target\":[\"https:\/\/casa80trancoso.com.br\/?page_id=404\"]}]}]}<\/script>\n<!-- \/ Yoast SEO plugin. -->","_links":{"self":[{"href":"https:\/\/casa80trancoso.com.br\/index.php?rest_route=\/wp\/v2\/pages\/404","targetHints":{"allow":["GET"]}}],"collection":[{"href":"https:\/\/casa80trancoso.com.br\/index.php?rest_route=\/wp\/v2\/pages"}],"about":[{"href":"https:\/\/casa80trancoso.com.br\/index.php?rest_route=\/wp\/v2\/types\/page"}],"author":[{"embeddable":true,"href":"https:\/\/casa80trancoso.com.br\/index.php?rest_route=\/wp\/v2\/users\/1"}],"replies":[{"embeddable":true,"href":"https:\/\/casa80trancoso.com.br\/index.php?rest_route=%2Fwp%2Fv2%2Fcomments&post=404"}],"version-history":[{"count":11,"href":"https:\/\/casa80trancoso.com.br\/index.php?rest_route=\/wp\/v2\/pages\/404\/revisions"}],"predecessor-version":[{"id":888,"href":"https:\/\/casa80trancoso.com.br\/index.php?rest_route=\/wp\/v2\/pages\/404\/revisions\/888"}],"wp:featuredmedia":[{"embeddable":true,"href":"https:\/\/casa80trancoso.com.br\/index.php?rest_route=\/wp\/v2\/media\/406"}],"wp:attachment":[{"href":"https:\/\/casa80trancoso.com.br\/index.php?rest_route=%2Fwp%2Fv2%2Fmedia&parent=404"}],"curies":[{"name":"wp","href":"https:\/\/api.w.org\/{rel}","templated":true}]}}